What are the prime factors of 2626779?
3, 875593
What are the prime factors of 2361783?
3, 787261
List the prime factors of 1116034.
2, 558017
List the prime factors of 359549.
359549
What are the prime factors of 742590?
2, 3, 5, 37, 223
List the prime factors of 47374.
2, 23687
List the prime factors of 9266357.
19, 487703
List the prime factors of 263941.
263941
List the prime factors of 32181193.
11, 19, 31, 4967
List the prime factors of 4779020.
2, 5, 43, 5557
What are the prime factors of 2977550?
2, 5, 17, 31, 113
List the prime factors of 19756619.
61, 323879
List the prime factors of 1557260.
2, 5, 77863
What are the prime factors of 186713?
19, 31, 317
List the prime factors of 2766555.
3, 5, 11, 23
What are the prime factors of 1925806?
2, 962903
What are the prime factors of 759495?
3, 5, 11, 4603
List the prime factors of 96235.
5, 19, 1013
What are the prime factors of 1199908?
2, 299977
List the prime factors of 180043.
180043
What are the prime factors of 544025?
5, 47, 463
What are the prime factors of 1540719?
3, 193, 887
List the prime factors of 18851640.
2, 3, 5, 17, 9241
What are the prime factors of 271328?
2, 61, 139
What are the prime factors of 355190?
2, 5, 11, 3229
What are the prime factors of 2372987?
2372987
List the prime factors of 7989398.
2, 3994699
What are the prime factors of 1506916?
2, 376729
List the prime factors of 8041601.
2053, 3917
What are the prime factors of 1120655?
5, 224131
What are the prime factors of 1090003?
1090003
List the prime factors of 22424.
2, 2803
What are the prime factors of 1196507?
13, 31, 2969
List the prime factors of 2160838.
2, 1080419
List the prime factors of 52320.
2, 3, 5, 109
List the prime factors of 724172.
2, 197, 919
List the prime factors of 1713533.
271, 6323
List the prime factors of 1855491.
3, 11, 59, 953
What are the prime factors of 292413?
3, 11, 8861
List the prime factors of 471575.
5, 13, 1451
List the prime factors of 498189.
3, 166063
List the prime factors of 2254722.
2, 3, 375787
List the prime factors of 10502007.
3, 23, 152203
What are the prime factors of 687178?
2, 343589
What are the prime factors of 148047?
3, 61, 809
List the prime factors of 257525.
5, 10301
What are the prime factors of 5593626?
2, 3, 191, 1627
What are the prime factors of 173205?
3, 5, 1283
List the prime factors of 43226.
2, 21613
What are the prime factors of 4895746?
2, 601, 4073
List the prime factors of 13321.
7, 11, 173
What are the prime factors of 539128?
2, 67391
What are the prime factors of 1434869?
53, 27073
List the prime factors of 6755820.
2, 3, 5, 109, 1033
What are the prime factors of 13056099?
3, 7, 88817
List the prime factors of 102340.
2, 5, 7, 17, 43
List the prime factors of 226842.
2, 3, 7, 11, 491
List the prime factors of 623379.
3, 31, 6703
What are the prime factors of 548683?
373, 1471
What are the prime factors of 6575990?
2, 5, 41, 43, 373
List the prime factors of 2044714.
2, 7, 146051
What are the prime factors of 274149?
3, 83, 367
What are the prime factors of 667090?
2, 5, 19, 3511
What are the prime factors of 4802200?
2, 5, 13, 1847
List the prime factors of 7620240.
2, 3, 5, 31751
List the prime factors of 15243.
3, 5081
List the prime factors of 936218.
2, 468109
What are the prime factors of 10298719?
17, 181, 3347
What are the prime factors of 7896127?
271, 29137
What are the prime factors of 9246291?
3, 263, 11719
List the prime factors of 1027283.
113, 9091
List the prime factors of 275058.
2, 3, 7, 37, 59
List the prime factors of 517572.
2, 3, 11, 1307
List the prime factors of 1947680.
2, 5, 7, 37, 47
What are the prime factors of 21209014?
2, 2551, 4157
List the prime factors of 2430761.
2430761
List the prime factors of 10617042.
2, 3, 1769507
What are the prime factors of 685381?
685381
What are the prime factors of 18610124?
2, 13, 61, 5867
What are the prime factors of 14041?
19, 739
What are the prime factors of 3612013?
1109, 3257
List the prime factors of 2178345.
3, 5, 13, 11171
List the prime factors of 692355.
3, 5, 101, 457
What are the prime factors of 474814?
2, 199, 1193
List the prime factors of 903373.
223, 4051
What are the prime factors of 12060445?
5, 2412089
List the prime factors of 545875.
5, 11, 397
What are the prime factors of 5657211?
3, 7, 89797
List the prime factors of 1729518.
2, 3, 7, 41179
List the prime factors of 6751461.
3, 29, 71, 1093
List the prime factors of 8385746.
2, 4192873
List the prime factors of 192647.
7, 13, 29, 73
List the prime factors of 354241.
179, 1979
List the prime factors of 13417293.
3, 4472431
List the prime factors of 15374741.
23, 401, 1667
List the prime factors of 612049.
612049
List the prime factors of 3794441.
7, 542063
List the prime factors of 417074.
2, 7, 31
What are the prime factors of 1112573?
7, 11, 14449
What are the prime factors of 2257061?
61, 163, 227
What are the prime factors of 1431015?
3, 5, 95401
List the prime factors of 12226328.
2, 1528291
List the prime factors of 361649.
361649
List the prime factors of 275436.
2, 3, 7, 1093
List the prime factors of 1161655.
5, 11, 21121
What are the prime factors of 1041534?
2, 3, 13, 4451
List the prime factors of 1906834.
2, 53, 17989
What are the prime factors of 686223?
3, 19, 4013
What are the prime factors of 27462?
2, 3, 23, 199
What are the prime factors of 3799019?
7, 31, 41, 61
What are the prime factors of 53608?
2, 6701
List the prime factors of 41716.
2, 10429
What are the prime factors of 363037?
363037
What are the prime factors of 15708575?
5, 29, 47, 461
List the prime factors of 131889.
3, 43963
List the prime factors of 263705.
5, 13, 4057
List the prime factors of 1801213.
1801213
What are the prime factors of 12675648?
2, 3, 107, 617
List the prime factors of 454302.
2, 3, 47, 179
What are the prime factors of 437857?
7, 71, 881
List the prime factors of 1888044.
2, 3, 43, 3659
What are the prime factors of 1251430?
2, 5, 23, 5441
List the prime factors of 39122.
2, 31, 631
What are the prime factors of 35698?
2, 13, 1373
List the prime factors of 252387.
3, 29, 967
List the prime factors of 345671.
41, 8431
What are the prime factors of 323700?
2, 3, 5, 13, 83
List the prime factors of 1936547.
1936547
List the prime factors of 819982.
2, 59, 6949
List the prime factors of 4735505.
5, 109, 8689
List the prime factors of 9945104.
2, 13, 137, 349
List the prime factors of 209336.
2, 137, 191
What are the prime factors of 32115389?
941, 34129
List the prime factors of 7885990.
2, 5, 7, 112657
List the prime factors of 13589914.
2, 13, 522689
List the prime factors of 450938.
2, 23, 9803
List the prime factors of 1202891.
29, 41479
What are the prime factors of 126946?
2, 63473
List the prime factors of 915680.
2, 5, 59, 97
What are the prime factors of 6265004?
2, 1566251
What are the prime factors of 4307870?
2, 5, 7, 19, 41, 79
List the prime factors of 1744079.
83, 21013
List the prime factors of 27221597.
13, 59, 35491
What are the prime factors of 7438515?
3, 5, 7, 70843
What are the prime factors of 429169?
13, 33013
What are the prime factors of 1520793?
3, 168977
List the prime factors of 1188917.
1188917
List the prime factors of 313514.
2, 17, 9221
List the prime factors of 2405373.
3, 801791
What are the prime factors of 261934?
2, 19, 61, 113
What are the prime factors of 1838115?
3, 5, 40847
List the prime factors of 2947704.
2, 3, 263, 467
List the prime factors of 113163.
3, 67, 563
List the prime factors of 29203810.
2, 5, 2920381
List the prime factors of 50865.
3, 5, 3391
List the prime factors of 1412992.
2, 7, 19, 83
List the prime factors of 367668.
2, 3, 7, 1459
List the prime factors of 2907952.
2, 17, 10691
List the prime factors of 11888043.
3, 1451, 2731
List the prime factors of 181160.
2, 5, 7, 647
What are the prime factors of 14325541?
307, 46663
What are the prime factors of 232197?
3, 7, 11057
What are the prime factors of 2084?
2, 521
List the prime factors of 325781.
325781
What are the prime factors of 5864076?
2, 3, 2011
List the prime factors of 2349145.
5, 17, 29, 953
List the prime factors of 975959.
23, 42433
What are the prime factors of 24600?
2, 3, 5, 41
List the prime factors of 10194107.
7, 11, 18913
What are the prime factors of 